*x**2 + 6*x - 9. Suppose 4*g - 4*f + 20 = 0, -3*f = -4*g - 22 - 0. Calculate the remainder when h(g) is divided by k(0).
15
Suppose -3*p = -0*p - 87. Calculate the remainder when 57 is divided by p.
28
Let g = 5 - 1. Suppose 0 = 5*l + g*z - 41, 5*l - 4*z + 5*z = 29. Calculate the remainder when (52/6)/((-4)/(-6)) is divided by l.
3
Let u(j) = -j**2 - 9*j - 3. Suppose -2*m - 2*q + 116 = m, 5*q = 5*m - 235. Calculate the remainder when m is divided by u(-6).
12
Suppose 5*y - 93 = -2*f, -4*f + 40 = -5*y - 161. Let m be 6/(-3) + 1 + 1. Suppose 4*o = m, o - 17 = -x + 3*o. Calculate the remainder when f is divided by x.
15
Let j(t) = 2*t - 2*t - 3 + t**2 + 0. Suppose 3*k - k = -2*x + 16, 3*x - 28 = -4*k. Calculate the remainder when 24 is divided by j(x).
11
Suppose 500 = -0*w + 5*w. Suppose 4*b = 4*h + w, 5*b - h - h = 110. What is the remainder when 59 is divided by b?
19
Let d(m) = -m**3 - m**2 + m. Let b be d(0). Suppose 0 = n + 5, b = a - 5*n - 0*n - 31. What is the remainder when 15 is divided by a?
3
Suppose -23 = -6*s + 5*s. Calculate the remainder when s is divided by 7.
2
Suppose z - 18 = -2*g + g, g = -4*z + 9. Suppose 5*r - 24 - g = 0. What is the remainder when r is divided by 5?
4
Let q(c) = c**2 + 3*c + 6. What is the remainder when q(0) is divided by 2?
0
Let t(h) = 2*h**2 + 3*h - 2. What is the remainder when t(-3) is divided by 2*(-1)/((-10)/25)?
2
Let r be (-85)/(-4) - (-7)/(-28). What is the remainder when 11 is divided by 3/r - 54/(-14)?
3
Let g = 309 - 161. Calculate the remainder when g is divided by 10.
8
Let y(i) = -3*i + 6. Let a be y(4). Calculate the remainder when (116/a)/(22/(-33)) is divided by 8.
5
Suppose 0*p - 25 = -5*p. Suppose -p*c + 29 = 6*z - 4*z, 4*c - 37 = 3*z. What is the remainder when c is divided by 2?
1
Suppose 0*g + g - 21 = 4*m, g = -3*m + 28. Calculate the remainder when g is divided by 7.
4
Suppose 3*l + 3*p = 33, -6 = 2*l + 5*p - 43. What is the remainder when (-393)/(-12) - l/8 is divided by 11?
10
Let x be 1/(3/26)*-3. Let f = -77 + -8. Let c = x - f. Calculate the remainder when c is divided by 20.
19
Let w(d) = -10*d. Suppose 3*o = -2*o + 35. Let b be 2/o - 48/21. What is the remainder when 58 is divided by w(b)?
18
Let o = 10 + -9. What is the remainder when 18 is divided by 2 - 0 - o*-8?
8
Let s be (0 + 1/5)*5. Suppose -m - m = -34. What is the remainder when m is divided by (1 - 0)/(s/6)?
5
Let n(r) = -r - 10. Let q be n(-9). Let u = q + 2. What is the remainder when (-1 - (-1)/1) + u is divided by 1?
0
Suppose 2*o - 5*q = 14, -3*o + 4*q + q = -21. Suppose -1 = 2*l - o. What is the remainder when 6 is divided by l?
0
Suppose -5*r + 3 + 12 = 3*s, s - 5 = -5*r. Suppose 156 = s*t - 49. Let l = -18 + t. Calculate the remainder when l is divided by 13.
10
Let v = -54 - -74. What is the remainder when 53 is divided by v?
13
Let p(m) = 136*m**2. Let w be p(-1). Calculate the remainder when 21 is divided by 3/(-9) - w/(-12).
10
Let r be (-18)/(-15)*(-10)/(-4). Suppose -26 = l - r*l. Calculate the remainder when 24 is divided by l.
11
Let a = -11 - -24. What is the remainder when 48 is divided by a?
9
Let j = -28 + 45. What is the remainder when 66 is divided by j?
15
Let h = -35 + 47. Suppose 2*n + 3*l + 114 = 5*n, 5*l = n - 50. What is the remainder when n is divided by h?
11
What is the remainder when 75 is divided by (-4)/5 - (-891)/45?
18
Let l = 25 - 5. Suppose -l = -a - 3*s, 12 + 3 = 3*s. Calculate the remainder when a is divided by 2.
1
Let p = -40 - -58. Let v = -25 - -35. What is the remainder when p is divided by v?
8
Let b = 223 - 112. Calculate the remainder when b is divided by 38.
35
Let h = 6 + 0. Calculate the remainder when (-102)/(-8)*16/h is divided by 18.
16
Let d(o) = o**3 + 7*o**2 - o - 5. Calculate the remainder when d(-4) is divided by 12.
11
Let t be -10*(0 - (-2)/(-5)). Suppose 6 = -t*u - 10. Calculate the remainder when ((-14)/u)/((-1)/(-2)) is divided by 3.
1
Suppose 7*m - 409 = 3*m + 3*y, -3*m + y + 308 = 0. What is the remainder when m is divided by 7?
5
Let t = -122 + 177. Calculate the remainder when t is divided by 14.
13
Let n(l) = -l - 3. Let k be n(-5). Suppose 0 = -5*v + k*u + 26, v + 19 = 5*v - u. Calculate the remainder when 9 is divided by v.
1
Let q(r) = -r**2 - 9*r - 10. What is the remainder when 37 is divided by q(-5)?
7
Let p(m) = m**2 - 3*m - 2. Let a be p(4). Suppose 3*b + a*b = 5, 3*b = -h + 11. Calculate the remainder when 21 is divided by h.
5
Let k = 488 - 473. Suppose -b + 16 = 5*g - 2*b, g - 5*b = 8. Suppose -g*r + 8 = -4. Calculate the remainder when k is divided by r.
3
Suppose 3*b + 0*b = 114. Suppose 3*p - 7*p + 8 = 0, b = 3*f - 2*p. Calculate the remainder when 26 is divided by f.
12
Let i(m) = 3*m - 12. Let j be i(11). Suppose 4*l + 31 = 4*s - j, 5*l = -5*s + 35. Suppose -5*v = -v - 72. What is the remainder when v is divided by s?
8
Suppose n + r + 30 = 0, r - 10 = n + 12. Let u = n + 48. Calculate the remainder when u is divided by 8.
6
Let u(g) be the third derivative of -g**6/120 + g**5/20 + 5*g**4/24 + g**3/3 - g**2. Let x = 5 - 1. Calculate the remainder when 16 is divided by u(x).
4
Suppose -5*d + 8*d - 27 = 0. Calculate the remainder when d is divided by 2.
1
Suppose -c - 68 = -5*c. Let b(g) = g**2 - 3*g - 124. What is the remainder when c is divided by b(-10)?
5
Suppose -5*o - 4*h + 268 = 0, 4*o + 3*h + 25 - 240 = 0. What is the remainder when o is divided by 19/(-1 + -1 - -3)?
18
Let n = -16 - -21. Calculate the remainder when 17 is divided by n.
2
Suppose -31 = -y + 2*d, -2*y + 60 = -2*d - 0*d. Calculate the remainder when 82 is divided by y.
24
Let p be 2 - 94*2/4. Let h = p + 28. Let i = h - -30. What is the remainder when 49 is divided by i?
10
Suppose 2*h - 30 + 4 = 0. Let c = h - -7. Calculate the remainder when c is divided by 11.
9
Let k(g) = g - 5. What is the remainder when k(6) is divided by 5/((-10)/6) + 4?
0
Let b(h) = -2*h**2 + 0*h**2 - 3*h**3 - 3*h**2 + 3*h**2 - h. What is the remainder when b(-1) is divided by 1?
0
Suppose -5*n + 11 = -4*n. What is the remainder when n is divided by 8?
3
Suppose -3*j + 119 = -q, -3*q - 2*q - 166 = -4*j. What is the remainder when j is divided by 21?
18
Calculate the remainder when 23 is divided by (-2)/(-3)*117/6.
10
Suppose -p = 5*h - 26, p = 6*h - h - 34. Let c = 77 - 54. What is the remainder when c is divided by h?
5
Let z be (-2)/2 + 4 - 28. Suppose 0 = -a + o + 51, 2*o + 191 + 23 = 4*a. Let x = a + z. Calculate the remainder when x is divided by 8.
7
Let v(b) = -2*b - 6. Let y be v(-4). Let q(o) = 3*o - o**3 - 2*o**3 + 4*o**3 + 2*o**2 + 3*o**y. Calculate the remainder when 16 is divided by q(-3).
7
Let f = -9 + 83. What is the remainder when f is divided by 19?
17
Suppose 5*u + 5*q = 430, u = 5*q + 37 + 43. What is the remainder when u is divided by 22?
19
Let x = 62 - 7. Let i = 93 - x. Calculate the remainder when i is divided by 20.
18
Let p(b) = 3*b**3 - 2*b - 1. Let f be p(-1). Calculate the remainder when (1 - -1)/(6/45) is divided by 1 - 2 - 18/f.
7
Suppose -3*k + 4*k = 6. Let h be -3*1 - (-5 - -3). Calculate the remainder when k is divided by (2 + h)/((-1)/(-4)).
2
Let i(l) = -l**3 + 5*l**2 + l - 1. Calculate the remainder when (-3)/(-6) + (-109)/(-2) is divided by i(4).
17
Let x be 1/(-3) + (-1322)/(-6). Suppose -6*j = -2*j - x. Calculate the remainder when j is divided by 14.
13
Suppose 2*f = o - 95, 3*o = 2*o - 2*f + 75. Calculate the remainder when o is divided by 43.
42
Let c(r) = r**3 - 13*r**2 - 14*r + 10. Let l = 102 + -64. What is the remainder when l is divided by c(14)?
8
Suppose -5*o = -o - 260. Let p(n) = n**2 + 5*n + 8. What is the remainder when o is divided by p(-7)?
21
Let t = 33 + -9. Let v = t - 16. What is the remainder when 21 is divided by v?
5
Suppose 4*i + 20 = -44. Let p = -2 - i. Calculate the remainder when p is divided by 3.
2
Suppose -201 = -4*i - 3*h, i = 5*i + 4*h - 200. Let g(m) = m**3 + 3*m**2 - 5*m - 2. Calculate the remainder when i is divided by g(-3).
12
Let q be 2 - 3*7/3. Let b(z) be the third derivative of -5*z**4/12 - z**3 - z**2. What is the remainder when b(q) is divided by 15?
14
Let h(q) = 11*q + 4 - 3*q + 5*q. Calculate the remainder when h(2) is divided by 17.
13
Let q(i) = 2*i + 1. Let g be q(1). Let c be (-24)/9*-2*g.